w(1) is divided by a(-5).
22
Let x = -8 + 3. Let s = x - -9. Calculate the remainder when 8 is divided by s.
0
Suppose -20 = -2*k - 3*i, 24 = 5*k - 3*k + 5*i. Calculate the remainder when ((-468)/104)/(2/(-12)) is divided by k.
6
Let h be (-42)/4*10/3. Let x = -157 - -108. Let g = h - x. Calculate the remainder when 39 is divided by g.
11
Let y = -1032 - -1049. Calculate the remainder when 149 is divided by y.
13
Suppose 2*s = 138 - 10. Let z = s - 45. What is the remainder when 37 is divided by z?
18
Let v(u) be the first derivative of 3*u**2/2 + 39*u + 19. Let b(i) = 10*i**3 + 2*i**2 - 1. Calculate the remainder when b(1) is divided by v(-12).
2
Suppose -6*k + k - 260 = 0. Let d = -24 - k. Let j(x) = x**2 + 3*x. Calculate the remainder when d is divided by j(-5).
8
Suppose -3*t + 7 + 26 = 0. What is the remainder when 42/((2*1)/((-72)/(-54))) is divided by t?
6
Let z be (-28)/16*24/(-2). Let d = z - 19. What is the remainder when 3 is divided by d?
1
Let f(s) = s**2 - 23*s - 26. Let j be f(24). Calculate the remainder when 48 is divided by 184/7 - j/(-7).
22
What is the remainder when ((-800)/(-15))/10*30 is divided by 51?
7
Suppose 5*j - 9 = -69. Let z be j/(-9) - (-196)/6. Let a = -23 + z. Calculate the remainder when 40 is divided by a.
7
Let q = -383 + 403. Calculate the remainder when q is divided by 16.
4
Let o(t) = -t**3 + 7*t**2 - 4*t - 1. Let s be o(4). Let h = 122 + -116. Suppose -223 + s = -h*a. What is the remainder when 126 is divided by a?
30
Let v = 6 + 6. Suppose 58 = j - 0*j. Let b = j - 36. Calculate the remainder when b is divided by v.
10
What is the remainder when 34 is divided by 19/(665/(-150))*21/(-6)?
4
Suppose 34 = -4*u + 70. What is the remainder when 807 is divided by u?
6
Let q(v) = 3*v - 19. Let f be q(-14). Let w be 1/(-2) - f/2. Let d = w + -16. What is the remainder when 39 is divided by d?
11
Let i(o) = -o + 12. Let c be i(12). Let s = c - -6. Calculate the remainder when 12 is divided by s/10 - (-132)/30.
2
Suppose i = 3*a - 11 + 80, -6 = 2*a. Let g(w) = 2*w**2 - 8*w + 11. Calculate the remainder when i is divided by g(5).
18
Let p be (170/40)/((-1)/(-4)). Suppose -p = -2*r + 1. What is the remainder when 32 is divided by r?
5
Let u(j) = 107*j**3 - 3*j**2 - 3*j + 5. Let c(x) = x**2 + x - 1. Let y(b) = -4*c(b) - u(b). Calculate the remainder when y(-1) is divided by 28.
22
Let x = -29 + 25. Calculate the remainder when 5 is divided by (-2)/(-3)*(-6)/x.
0
Let w(t) = 4*t + 30. Let g be w(-7). Let r(y) = 14*y**2 + y - 8. What is the remainder when 197 is divided by r(g)?
47
Let q be 3/(1*(-4)/(-84)). Suppose 7*k = 4*k + q. Let r = k - 1. Calculate the remainder when r is divided by 12.
8
Let v(h) = -h - 1. Let y be (-3)/((6/3)/2). Let o be v(y). Suppose 3*r - o*r = 5. What is the remainder when r is divided by 3?
2
Let m(l) = -l + 45. Calculate the remainder when 101 is divided by m(14).
8
Let o(m) = -12*m + 19. What is the remainder when o(-3) is divided by 7?
6
What is the remainder when (-998)/(-16) + 2*3/(-16) is divided by (-100)/(-6) + 4/(-6)?
14
Let t(q) = q**2 + 23*q - 46. Let m be (12/(-9))/(2/42). What is the remainder when t(m) is divided by 24?
22
Suppose 2*q - 20 = -3*b, b = -3*b + 16. Suppose -3*z - 3*s = -72, q*s + s + 110 = 5*z. What is the remainder when z is divided by ((-2)/(-4))/(2/32)?
7
Suppose 0 = 5*q, -7*l = -2*l - q + 1725. Let m be 6/27 + l/(-27). Suppose 0 = 2*w + 1 - m. What is the remainder when 9 is divided by w?
3
Suppose 0 = 3*s - 5*s - 2*h - 6, 0 = -s + 3*h + 17. Calculate the remainder when 168 is divided by (s/(-6))/(-2 - 1015/(-510)).
32
Suppose -9 = -3*x - 0*x. Let n(w) = w**3 - w**2 - w + 3. What is the remainder when (48/(-8) + (-86)/(-3))*3 is divided by n(x)?
14
Suppose -m = 3*h + 4*m - 150, 3*h - 2*m = 150. Suppose 0 = -0*i - 2*i - 4*j + h, -3*j - 5 = -i. What is the remainder when 66 is divided by i?
15
Suppose -49*f + 39*f = -190. Calculate the remainder when 32 is divided by f.
13
Suppose 148 = 4*g - 4*s, -29 + 107 = 2*g - 3*s. Calculate the remainder when 125 is divided by g.
26
Let s(a) = -a**3 - 14*a**2 - 38*a + 17. What is the remainder when s(-12) is divided by 31?
30
Let y(r) = 2*r**2 + 4*r**2 - 2*r + 12*r + 7*r. What is the remainder when y(-8) is divided by 50?
48
Suppose 0 = 5*z + 2*f - 70, 3*f + f + 16 = 3*z. Suppose -7*p = -z*p + 145. What is the remainder when p is divided by 5?
4
Let n = 3 - 6. Let t = 8 + n. Calculate the remainder when (t - 0)*(-114)/(-15) is divided by 10.
8
Let l = -1 - -3. Suppose l*t - 55 - 75 = 0. Suppose -99*j - 170 = -109*j. Calculate the remainder when t is divided by j.
14
Suppose 10*r + 1118 = 53*r. What is the remainder when r is divided by 4?
2
Let l = 893 + -786. Calculate the remainder when l is divided by 12.
11
Let a(i) = 2*i**3 - 2*i**2 + i. Let j be a(1). Calculate the remainder when ((-97)/3 - j)*(-6)/4 is divided by 18.
14
Suppose -47*k + 48*k - 807 = 0. What is the remainder when k is divided by 90?
87
Suppose -6*j + 4*j + 3*b = -39, 19 = 2*j + b. Calculate the remainder when 25 is divided by j.
1
Let b(v) = v**3 - 13*v**2 + 12*v + 3. What is the remainder when 8 is divided by b(12)?
2
Suppose -4*d + 10*d - 174 = 0. What is the remainder when 101 is divided by d?
14
Let v(l) = -4*l + 55. Let f be v(0). Let z = 94 - f. What is the remainder when z is divided by 21?
18
Suppose 14*n = 4*w + 16*n - 1524, 2*n = 3*w - 1129. Calculate the remainder when w is divided by 31.
7
Suppose 14 = z - 6. Let b = -50 - -61. Let j = z - b. Calculate the remainder when 15 is divided by j.
6
Let a be 1032/42 - 8/14. Suppose -2*b = 2*b - a. Suppose -b*z + 25 = -23. Calculate the remainder when 14 is divided by z.
6
Let o(z) = z**2 + 8*z - 4. Let n = -2940 + 2961. What is the remainder when o(5) is divided by n?
19
Suppose -122 = -5*r + 53. What is the remainder when r is divided by 11?
2
Let y(k) = -k**2 + 2*k + 45. What is the remainder when y(7) is divided by 4?
2
Let d = 1528 - 982. Suppose d = 3*z + 4*z. Calculate the remainder when z is divided by 8.
6
Suppose 3*m - 2*m - 35 = 4*d, 4*m - 4*d = 116. What is the remainder when m is divided by 15?
12
Let r = 20 + -23. Let a(w) = -w**3 - 3*w**2 - 5*w - 4. Calculate the remainder when a(r) is divided by 2.
1
Let q(u) = -2*u**3 - 15*u**2 + 19*u - 13. Calculate the remainder when q(-9) is divided by 8.
3
Suppose 30 = -6*o - 9*o. What is the remainder when o/((-2)/95) + 5 is divided by 35?
30
Let c = 84 - 82. Let k = -5 - -8. Suppose k*q = -5*y + 20, 0*q - c*q - 12 = -3*y. What is the remainder when y is divided by 2?
0
Let i(m) = 21*m - 12. Let j(b) = 2*b - 1. Let w(p) = i(p) - 3*j(p). What is the remainder when 107 is divided by w(3)?
35
Let g = 557 - 521. Calculate the remainder when 287 is divided by g.
35
Suppose 0 = o + 2 - 4. Let i(k) = 20*k**3 - 3*k**2 + k - 1. Calculate the remainder when i(o) is divided by 19.
16
Calculate the remainder when (-54)/(-8)*17/((-85)/(-60)) is divided by 29.
23
Suppose -4*f - 3*h + 66 = 0, -5*f = -6*f - 2*h + 14. Calculate the remainder when 175 is divided by f.
13
Suppose 3*l - 113 + 23 = 0. Suppose 4*c - l = -2*u, 3*u - 6*c + 3*c = 27. Let m = 14 - u. What is the remainder when m is divided by 1?
0
Suppose -47*r + 3752 = -5836. What is the remainder when r is divided by 15?
9
Suppose 0 = -5*f + 3*z + 203, -102 = -3*f + f - 4*z. Suppose 0 = d - 2*m - 7, 2*d = -2*d + 5*m + f. What is the remainder when 64 is divided by d?
13
Let d = 17 - 29. Calculate the remainder when 17 is divided by ((-18)/d)/((-6)/(-20)).
2
Let u be 3/1*100/(-30). Let k be (u/(-1 + 2))/1. Calculate the remainder when (-18)/k*(24 + -19) is divided by 3.
0
Let j = 3 + -19. Let n = -11 - j. What is the remainder when 11 is divided by n?
1
Let l = 869 - 324. Calculate the remainder when l is divided by 13.
12
Let w(r) = -r**3 + 4*r**2 + 22*r + 6. Suppose 3*g + 5*l - 217 = 3*l, 379 = 5*g - l. What is the remainder when g is divided by w(7)?
10
Let t = 76 - 136. What is the remainder when ((-24)/t)/(4/730) is divided by 25?
23
Let k(z) = 2*z**2 + 5*z + 22. Calculate the remainder when 168 is divided by k(-5).
27
Calculate the remainder when 242 is divided by (-42 - -1)*5/(-5).
37
Let q be 4 + (-3)/((-6)/4). Suppose q*h = 8*h. Suppose -k + h*k + 19 = 0. Calculate the remainder when